{"id":183,"date":"2015-02-05T10:00:24","date_gmt":"2015-02-05T09:00:24","guid":{"rendered":"http:\/\/multisite.dev\/risen\/?page_id=183"},"modified":"2023-03-01T17:51:12","modified_gmt":"2023-03-01T16:51:12","slug":"multimedia","status":"publish","type":"page","link":"https:\/\/vineyard-bergedorf.de\/wop\/multimedia\/","title":{"rendered":"Predigten"},"content":{"rendered":"<p><!-- <a href=\"https:\/\/itunes.apple.com\/de\/podcast\/vineyard-hamburg-bergedorf\/id790975905?l=de\"><img loading=\"lazy\" decoding=\"async\" class=\"alignleft size-full wp-image-412\" src=\"http:\/\/www.vineyard-bergedorf.de\/podcast\/podcast_logo_vyb.jpg\" alt=\"vyb_podcast\" width=\"170\" height=\"170\"><\/a>Hier gibt es die Predigten auch als <a title=\"iTunes Podcast\" href=\"https:\/\/itunes.apple.com\/de\/podcast\/vineyard-hamburg-bergedorf\/id790975905?l=de\" target=\"_blank\" rel=\"noopener\">iTunes Podcast<\/a> --><\/p>\n\t\t\t\t<div id=\"wpfc-sermons-shortcode\">\n\t\t\t\t\t<div id=\"wpfc-sermons-container\">\n\t\t\t\t\t\t<div class=\"wpfc-sermon wpfc-sermon-shortcode\">\t\t<div class=\"wpfc-sermon-inner entry-wrap\">\n\t\t\t\t\t<div class=\"wpfc-sermon-image\"><a href=\"https:\/\/vineyard-bergedorf.de\/wop\/Predigten\/perspektiven\/\"><div class=\"wpfc-sermon-image-img\" style=\"background-image: url(https:\/\/vineyard-bergedorf.de\/wop\/wp-content\/uploads\/2012\/06\/headphone600.jpg)\"><\/div><\/a><\/div>\t\t\t\n\t\t\n\t\t<div class=\"wpfc-sermon-main \">\n\t\t\t<div class=\"wpfc-sermon-header \">\n\t\t\t\t<div class=\"wpfc-sermon-header-main\">\n\t\t\t\t\t\t\t\t\t\t\t<div class=\"wpfc-sermon-meta-item wpfc-sermon-meta-series\">\n\t\t\t\t\t\t\t<a href=\"https:\/\/vineyard-bergedorf.de\/wop\/serie\/das-reich-gottes\/\" rel=\"tag\">Das Reich Gottes<\/a>, <a href=\"https:\/\/vineyard-bergedorf.de\/wop\/serie\/predigt\/\" rel=\"tag\">Predigt<\/a>\t\t\t\t\t\t<\/div>\n\t\t\t\t\t\t\t\t\t\t\n\t\t\t\t\t\t\t\t\t\t\t\t<h3 class=\"wpfc-sermon-title\">\n\t\t\t\t\t\t\t<a class=\"wpfc-sermon-title-text\" href=\"https:\/\/vineyard-bergedorf.de\/wop\/Predigten\/perspektiven\/\">Perspektiven<\/a>\n\t\t\t\t\t\t<\/h3>\n\t\t\t\t\t\t\t\t\t\t\t\t\t\t\t\t<div class=\"wpfc-sermon-meta-item wpfc-sermon-meta-date\">\n\t\t\t\t\t\t\t\t\t\t\t\t\t3. Mai 2026\t\t\t\t\t\t\t\t\t\t\t<\/div>\n\t\t\t\t<\/div>\n\t\t\t\t\t\t\t<\/div>\n\n\t\t\t\n\t\t\t\t\t\t\t\t<div class=\"wpfc-sermon-description\">\n\t\t\t\t\t<div class=\"sermon-description-content\">\n\t\t\t\t\t\t\t\t\t\t\t\t\t\t\t\t\t\t\t\t\t\t\t\t\t<br\/>\n\t\t\t\t\t<\/div>\n\t\t\t\t\t\t\t\t\t<\/div>\n\t\t\t\n\n\t\t\t\t\t\t\t\t\t<div class=\"wpfc-sermon-audio\">\n\t\t\t\t\t\t<audio controls preload=\"metadata\" class=\"wpfc-sermon-player \" ><source src=\"https:\/\/vineyard-bergedorf.de\/wop\/wp-content\/uploads\/sermons\/2026\/05\/Silke-Lilienthal-Perspektiven.mp3\" type=\"audio\/mp3\"><\/audio>\t\t\t\t\t<\/div>\n\t\t\t\t\t\t\t\n\t\t\t<div class=\"wpfc-sermon-footer\">\n\t\t\t\t\t\t\t\t\t<div class=\"wpfc-sermon-meta-item wpfc-sermon-meta-preacher\">\n\t\t\t\t\t\t\t\t\t\t\t\t<span class=\"wpfc-sermon-meta-prefix\">\n\t\t\t\t\t\t\tSprecher\t\t\t\t\t\t\t:<\/span>\n\t\t\t\t\t\t<span class=\"wpfc-sermon-meta-text\"><a href=\"https:\/\/vineyard-bergedorf.de\/wop\/sprecher\/silke-lilienthal\/\" rel=\"tag\">Silke Lilienthal<\/a><\/span>\n\t\t\t\t\t<\/div>\n\t\t\t\t\t\t\t\t\t\t\t\t\t\t\t\t\t<div class=\"wpfc-sermon-meta-item wpfc-sermon-meta-service\">\n\t\t\t\t\t\t<span class=\"wpfc-sermon-meta-prefix\">\n\t\t\t\t\t\t\tGottesdienst:<\/span>\n\t\t\t\t\t\t<span class=\"wpfc-sermon-meta-text\"><a href=\"https:\/\/vineyard-bergedorf.de\/wop\/gottesdienst\/sonntag\/\" rel=\"tag\">Sonntag<\/a><\/span>\n\t\t\t\t\t<\/div>\n\t\t\t\t\t\t\t<\/div>\n\t\t<\/div>\n\t<\/div>\n\n\t<\/div><div class=\"wpfc-sermon wpfc-sermon-shortcode\">\t\t<div class=\"wpfc-sermon-inner entry-wrap\">\n\t\t\t\t\t<div class=\"wpfc-sermon-image\"><a href=\"https:\/\/vineyard-bergedorf.de\/wop\/Predigten\/christfried-mann-bergpredigt\/\"><div class=\"wpfc-sermon-image-img\" style=\"background-image: url(https:\/\/vineyard-bergedorf.de\/wop\/wp-content\/uploads\/2012\/06\/headphone600.jpg)\"><\/div><\/a><\/div>\t\t\t\n\t\t\n\t\t<div class=\"wpfc-sermon-main \">\n\t\t\t<div class=\"wpfc-sermon-header \">\n\t\t\t\t<div class=\"wpfc-sermon-header-main\">\n\t\t\t\t\t\t\t\t\t\t\t<div class=\"wpfc-sermon-meta-item wpfc-sermon-meta-series\">\n\t\t\t\t\t\t\t<a href=\"https:\/\/vineyard-bergedorf.de\/wop\/serie\/predigt\/\" rel=\"tag\">Predigt<\/a>\t\t\t\t\t\t<\/div>\n\t\t\t\t\t\t\t\t\t\t\n\t\t\t\t\t\t\t\t\t\t\t\t<h3 class=\"wpfc-sermon-title\">\n\t\t\t\t\t\t\t<a class=\"wpfc-sermon-title-text\" href=\"https:\/\/vineyard-bergedorf.de\/wop\/Predigten\/christfried-mann-bergpredigt\/\">Christfried Mann &#8211; Bergpredigt<\/a>\n\t\t\t\t\t\t<\/h3>\n\t\t\t\t\t\t\t\t\t\t\t\t\t\t\t\t<div class=\"wpfc-sermon-meta-item wpfc-sermon-meta-date\">\n\t\t\t\t\t\t\t\t\t\t\t\t\t19. April 2026\t\t\t\t\t\t\t\t\t\t\t<\/div>\n\t\t\t\t<\/div>\n\t\t\t\t\t\t\t<\/div>\n\n\t\t\t\n\t\t\t\t\t\t\t\t<div class=\"wpfc-sermon-description\">\n\t\t\t\t\t<div class=\"sermon-description-content\">\n\t\t\t\t\t\t\t\t\t\t\t\t\t\t\t\t\t\t\t\t\t\t\t\t\t<br\/>\n\t\t\t\t\t<\/div>\n\t\t\t\t\t\t\t\t\t<\/div>\n\t\t\t\n\n\t\t\t\t\t\t\t\t\t<div class=\"wpfc-sermon-audio\">\n\t\t\t\t\t\t<audio controls preload=\"metadata\" class=\"wpfc-sermon-player \" ><source src=\"https:\/\/vineyard-bergedorf.de\/wop\/wp-content\/uploads\/sermons\/2026\/04\/6-Christfried-Sonntag-Bergpredigt.mp3\" type=\"audio\/mp3\"><\/audio>\t\t\t\t\t<\/div>\n\t\t\t\t\t\t\t\n\t\t\t<div class=\"wpfc-sermon-footer\">\n\t\t\t\t\t\t\t\t\t<div class=\"wpfc-sermon-meta-item wpfc-sermon-meta-preacher\">\n\t\t\t\t\t\t\t\t\t\t\t\t<span class=\"wpfc-sermon-meta-prefix\">\n\t\t\t\t\t\t\tSprecher\t\t\t\t\t\t\t:<\/span>\n\t\t\t\t\t\t<span class=\"wpfc-sermon-meta-text\"><a href=\"https:\/\/vineyard-bergedorf.de\/wop\/sprecher\/christfried-mann\/\" rel=\"tag\">Christfried Mann<\/a><\/span>\n\t\t\t\t\t<\/div>\n\t\t\t\t\t\t\t\t\t\t\t\t\t\t\t\t\t<div class=\"wpfc-sermon-meta-item wpfc-sermon-meta-service\">\n\t\t\t\t\t\t<span class=\"wpfc-sermon-meta-prefix\">\n\t\t\t\t\t\t\tGottesdienst:<\/span>\n\t\t\t\t\t\t<span class=\"wpfc-sermon-meta-text\"><a href=\"https:\/\/vineyard-bergedorf.de\/wop\/gottesdienst\/sonntag\/\" rel=\"tag\">Sonntag<\/a><\/span>\n\t\t\t\t\t<\/div>\n\t\t\t\t\t\t\t<\/div>\n\t\t<\/div>\n\t<\/div>\n\n\t<\/div><div class=\"wpfc-sermon wpfc-sermon-shortcode\">\t\t<div class=\"wpfc-sermon-inner entry-wrap\">\n\t\t\t\t\t<div class=\"wpfc-sermon-image\"><a href=\"https:\/\/vineyard-bergedorf.de\/wop\/Predigten\/welche-gebote-aus-mose-sind-fuer-uns-christen-heute-noch-gueltig-4-5\/\"><div class=\"wpfc-sermon-image-img\" style=\"background-image: url(https:\/\/vineyard-bergedorf.de\/wop\/wp-content\/uploads\/2012\/06\/headphone600.jpg)\"><\/div><\/a><\/div>\t\t\t\n\t\t\n\t\t<div class=\"wpfc-sermon-main \">\n\t\t\t<div class=\"wpfc-sermon-header \">\n\t\t\t\t<div class=\"wpfc-sermon-header-main\">\n\t\t\t\t\t\t\t\t\t\t\n\t\t\t\t\t\t\t\t\t\t\t\t<h3 class=\"wpfc-sermon-title\">\n\t\t\t\t\t\t\t<a class=\"wpfc-sermon-title-text\" href=\"https:\/\/vineyard-bergedorf.de\/wop\/Predigten\/welche-gebote-aus-mose-sind-fuer-uns-christen-heute-noch-gueltig-4-5\/\">Welche Gebote aus Mose sind f\u00fcr uns Christen heute noch g\u00fcltig 4\/5<\/a>\n\t\t\t\t\t\t<\/h3>\n\t\t\t\t\t\t\t\t\t\t\t\t\t\t\t\t<div class=\"wpfc-sermon-meta-item wpfc-sermon-meta-date\">\n\t\t\t\t\t\t\t\t\t\t\t\t\t19. April 2026\t\t\t\t\t\t\t\t\t\t\t<\/div>\n\t\t\t\t<\/div>\n\t\t\t\t\t\t\t<\/div>\n\n\t\t\t\n\t\t\t\t\t\t\t\t<div class=\"wpfc-sermon-description\">\n\t\t\t\t\t<div class=\"sermon-description-content\">\n\t\t\t\t\t\t\t\t\t\t\t\t\t\t\t\t\t\t\t\t\t\t\t\t\t<br\/>\n\t\t\t\t\t<\/div>\n\t\t\t\t\t\t\t\t\t<\/div>\n\t\t\t\n\n\t\t\t\t\t\t\t\t\t<div class=\"wpfc-sermon-audio\">\n\t\t\t\t\t\t<audio controls preload=\"metadata\" class=\"wpfc-sermon-player \" ><source src=\"https:\/\/vineyard-bergedorf.de\/wop\/wp-content\/uploads\/sermons\/2026\/04\/4-Christfried-Samstag-nachmittag-1.mp3\" type=\"audio\/mp3\"><\/audio>\t\t\t\t\t<\/div>\n\t\t\t\t\t\t\t\n\t\t\t<div class=\"wpfc-sermon-footer\">\n\t\t\t\t\t\t\t\t\t<div class=\"wpfc-sermon-meta-item wpfc-sermon-meta-preacher\">\n\t\t\t\t\t\t\t\t\t\t\t\t<span class=\"wpfc-sermon-meta-prefix\">\n\t\t\t\t\t\t\tSprecher\t\t\t\t\t\t\t:<\/span>\n\t\t\t\t\t\t<span class=\"wpfc-sermon-meta-text\"><a href=\"https:\/\/vineyard-bergedorf.de\/wop\/sprecher\/christfried-mann\/\" rel=\"tag\">Christfried Mann<\/a><\/span>\n\t\t\t\t\t<\/div>\n\t\t\t\t\t\t\t\t\t\t\t\t\t\t\t<\/div>\n\t\t<\/div>\n\t<\/div>\n\n\t<\/div><div class=\"wpfc-sermon wpfc-sermon-shortcode\">\t\t<div class=\"wpfc-sermon-inner entry-wrap\">\n\t\t\t\t\t<div class=\"wpfc-sermon-image\"><a href=\"https:\/\/vineyard-bergedorf.de\/wop\/Predigten\/welche-gebote-aus-mose-sind-fuer-uns-christen-heute-noch-gueltig-2-5\/\"><div class=\"wpfc-sermon-image-img\" style=\"background-image: url(https:\/\/vineyard-bergedorf.de\/wop\/wp-content\/uploads\/2012\/06\/headphone600.jpg)\"><\/div><\/a><\/div>\t\t\t\n\t\t\n\t\t<div class=\"wpfc-sermon-main \">\n\t\t\t<div class=\"wpfc-sermon-header \">\n\t\t\t\t<div class=\"wpfc-sermon-header-main\">\n\t\t\t\t\t\t\t\t\t\t\n\t\t\t\t\t\t\t\t\t\t\t\t<h3 class=\"wpfc-sermon-title\">\n\t\t\t\t\t\t\t<a class=\"wpfc-sermon-title-text\" href=\"https:\/\/vineyard-bergedorf.de\/wop\/Predigten\/welche-gebote-aus-mose-sind-fuer-uns-christen-heute-noch-gueltig-2-5\/\">Welche Gebote aus Mose sind f\u00fcr uns Christen heute noch g\u00fcltig 2\/5<\/a>\n\t\t\t\t\t\t<\/h3>\n\t\t\t\t\t\t\t\t\t\t\t\t\t\t\t\t<div class=\"wpfc-sermon-meta-item wpfc-sermon-meta-date\">\n\t\t\t\t\t\t\t\t\t\t\t\t\t19. April 2026\t\t\t\t\t\t\t\t\t\t\t<\/div>\n\t\t\t\t<\/div>\n\t\t\t\t\t\t\t<\/div>\n\n\t\t\t\n\t\t\t\t\t\t\t\t<div class=\"wpfc-sermon-description\">\n\t\t\t\t\t<div class=\"sermon-description-content\">\n\t\t\t\t\t\t\t\t\t\t\t\t\t\t\t\t\t\t\t\t\t\t\t\t\t<br\/>\n\t\t\t\t\t<\/div>\n\t\t\t\t\t\t\t\t\t<\/div>\n\t\t\t\n\n\t\t\t\t\t\t\t\t\t<div class=\"wpfc-sermon-audio\">\n\t\t\t\t\t\t<audio controls preload=\"metadata\" class=\"wpfc-sermon-player \" ><source src=\"https:\/\/vineyard-bergedorf.de\/wop\/wp-content\/uploads\/sermons\/2026\/04\/2-Christfried-Freitag-abends.mp3\" type=\"audio\/mp3\"><\/audio>\t\t\t\t\t<\/div>\n\t\t\t\t\t\t\t\n\t\t\t<div class=\"wpfc-sermon-footer\">\n\t\t\t\t\t\t\t\t\t<div class=\"wpfc-sermon-meta-item wpfc-sermon-meta-preacher\">\n\t\t\t\t\t\t\t\t\t\t\t\t<span class=\"wpfc-sermon-meta-prefix\">\n\t\t\t\t\t\t\tSprecher\t\t\t\t\t\t\t:<\/span>\n\t\t\t\t\t\t<span class=\"wpfc-sermon-meta-text\"><a href=\"https:\/\/vineyard-bergedorf.de\/wop\/sprecher\/christfried-mann\/\" rel=\"tag\">Christfried Mann<\/a><\/span>\n\t\t\t\t\t<\/div>\n\t\t\t\t\t\t\t\t\t\t\t\t\t\t\t<\/div>\n\t\t<\/div>\n\t<\/div>\n\n\t<\/div><div class=\"wpfc-sermon wpfc-sermon-shortcode\">\t\t<div class=\"wpfc-sermon-inner entry-wrap\">\n\t\t\t\t\t<div class=\"wpfc-sermon-image\"><a href=\"https:\/\/vineyard-bergedorf.de\/wop\/Predigten\/welche-gebote-aus-mose-sind-fuer-uns-christen-heute-noch-gueltig-5-5\/\"><div class=\"wpfc-sermon-image-img\" style=\"background-image: url(https:\/\/vineyard-bergedorf.de\/wop\/wp-content\/uploads\/2012\/06\/headphone600.jpg)\"><\/div><\/a><\/div>\t\t\t\n\t\t\n\t\t<div class=\"wpfc-sermon-main \">\n\t\t\t<div class=\"wpfc-sermon-header \">\n\t\t\t\t<div class=\"wpfc-sermon-header-main\">\n\t\t\t\t\t\t\t\t\t\t\n\t\t\t\t\t\t\t\t\t\t\t\t<h3 class=\"wpfc-sermon-title\">\n\t\t\t\t\t\t\t<a class=\"wpfc-sermon-title-text\" href=\"https:\/\/vineyard-bergedorf.de\/wop\/Predigten\/welche-gebote-aus-mose-sind-fuer-uns-christen-heute-noch-gueltig-5-5\/\">Welche Gebote aus Mose sind f\u00fcr uns Christen heute noch g\u00fcltig 5\/5<\/a>\n\t\t\t\t\t\t<\/h3>\n\t\t\t\t\t\t\t\t\t\t\t\t\t\t\t\t<div class=\"wpfc-sermon-meta-item wpfc-sermon-meta-date\">\n\t\t\t\t\t\t\t\t\t\t\t\t\t18. April 2026\t\t\t\t\t\t\t\t\t\t\t<\/div>\n\t\t\t\t<\/div>\n\t\t\t\t\t\t\t<\/div>\n\n\t\t\t\n\t\t\t\t\t\t\t\t<div class=\"wpfc-sermon-description\">\n\t\t\t\t\t<div class=\"sermon-description-content\">\n\t\t\t\t\t\t\t\t\t\t\t\t\t\t\t\t\t\t\t\t\t\t\t\t\t<br\/>\n\t\t\t\t\t<\/div>\n\t\t\t\t\t\t\t\t\t<\/div>\n\t\t\t\n\n\t\t\t\t\t\t\t\t\t<div class=\"wpfc-sermon-audio\">\n\t\t\t\t\t\t<audio controls preload=\"metadata\" class=\"wpfc-sermon-player \" ><source src=\"https:\/\/vineyard-bergedorf.de\/wop\/wp-content\/uploads\/sermons\/2026\/04\/5-Christfried-Samstag-nachmittag-2.mp3\" type=\"audio\/mp3\"><\/audio>\t\t\t\t\t<\/div>\n\t\t\t\t\t\t\t\n\t\t\t<div class=\"wpfc-sermon-footer\">\n\t\t\t\t\t\t\t\t\t<div class=\"wpfc-sermon-meta-item wpfc-sermon-meta-preacher\">\n\t\t\t\t\t\t\t\t\t\t\t\t<span class=\"wpfc-sermon-meta-prefix\">\n\t\t\t\t\t\t\tSprecher\t\t\t\t\t\t\t:<\/span>\n\t\t\t\t\t\t<span class=\"wpfc-sermon-meta-text\"><a href=\"https:\/\/vineyard-bergedorf.de\/wop\/sprecher\/christfried-mann\/\" rel=\"tag\">Christfried Mann<\/a><\/span>\n\t\t\t\t\t<\/div>\n\t\t\t\t\t\t\t\t\t\t\t\t\t\t\t<\/div>\n\t\t<\/div>\n\t<\/div>\n\n\t<\/div><div class=\"wpfc-sermon wpfc-sermon-shortcode\">\t\t<div class=\"wpfc-sermon-inner entry-wrap\">\n\t\t\t\t\t<div class=\"wpfc-sermon-image\"><a href=\"https:\/\/vineyard-bergedorf.de\/wop\/Predigten\/welche-gebote-aus-mose-sind-fuer-uns-christen-heute-noch-gueltig-3-5\/\"><div class=\"wpfc-sermon-image-img\" style=\"background-image: url(https:\/\/vineyard-bergedorf.de\/wop\/wp-content\/uploads\/2012\/06\/headphone600.jpg)\"><\/div><\/a><\/div>\t\t\t\n\t\t\n\t\t<div class=\"wpfc-sermon-main \">\n\t\t\t<div class=\"wpfc-sermon-header \">\n\t\t\t\t<div class=\"wpfc-sermon-header-main\">\n\t\t\t\t\t\t\t\t\t\t\n\t\t\t\t\t\t\t\t\t\t\t\t<h3 class=\"wpfc-sermon-title\">\n\t\t\t\t\t\t\t<a class=\"wpfc-sermon-title-text\" href=\"https:\/\/vineyard-bergedorf.de\/wop\/Predigten\/welche-gebote-aus-mose-sind-fuer-uns-christen-heute-noch-gueltig-3-5\/\">Welche Gebote aus Mose sind f\u00fcr uns Christen heute noch g\u00fcltig 3\/5<\/a>\n\t\t\t\t\t\t<\/h3>\n\t\t\t\t\t\t\t\t\t\t\t\t\t\t\t\t<div class=\"wpfc-sermon-meta-item wpfc-sermon-meta-date\">\n\t\t\t\t\t\t\t\t\t\t\t\t\t11. April 2026\t\t\t\t\t\t\t\t\t\t\t<\/div>\n\t\t\t\t<\/div>\n\t\t\t\t\t\t\t<\/div>\n\n\t\t\t\n\t\t\t\t\t\t\t\t<div class=\"wpfc-sermon-description\">\n\t\t\t\t\t<div class=\"sermon-description-content\">\n\t\t\t\t\t\t\t\t\t\t\t\t\t\t\t\t\t\t\t\t\t\t\t\t\t<br\/>\n\t\t\t\t\t<\/div>\n\t\t\t\t\t\t\t\t\t<\/div>\n\t\t\t\n\n\t\t\t\t\t\t\t\t\t<div class=\"wpfc-sermon-audio\">\n\t\t\t\t\t\t<audio controls preload=\"metadata\" class=\"wpfc-sermon-player \" ><source src=\"https:\/\/vineyard-bergedorf.de\/wop\/wp-content\/uploads\/sermons\/2026\/04\/3-Christfried-Samstag-morgens.mp3\" type=\"audio\/mp3\"><\/audio>\t\t\t\t\t<\/div>\n\t\t\t\t\t\t\t\n\t\t\t<div class=\"wpfc-sermon-footer\">\n\t\t\t\t\t\t\t\t\t<div class=\"wpfc-sermon-meta-item wpfc-sermon-meta-preacher\">\n\t\t\t\t\t\t\t\t\t\t\t\t<span class=\"wpfc-sermon-meta-prefix\">\n\t\t\t\t\t\t\tSprecher\t\t\t\t\t\t\t:<\/span>\n\t\t\t\t\t\t<span class=\"wpfc-sermon-meta-text\"><a href=\"https:\/\/vineyard-bergedorf.de\/wop\/sprecher\/christfried-mann\/\" rel=\"tag\">Christfried Mann<\/a><\/span>\n\t\t\t\t\t<\/div>\n\t\t\t\t\t\t\t\t\t\t\t\t\t\t\t<\/div>\n\t\t<\/div>\n\t<\/div>\n\n\t<\/div><div class=\"wpfc-sermon wpfc-sermon-shortcode\">\t\t<div class=\"wpfc-sermon-inner entry-wrap\">\n\t\t\t\t\t<div class=\"wpfc-sermon-image\"><a href=\"https:\/\/vineyard-bergedorf.de\/wop\/Predigten\/welche-gebote-aus-mose-sind-fuer-uns-christen-heute-noch-gueltig-einfuehrung-1-5\/\"><div class=\"wpfc-sermon-image-img\" style=\"background-image: url(https:\/\/vineyard-bergedorf.de\/wop\/wp-content\/uploads\/2012\/06\/headphone600.jpg)\"><\/div><\/a><\/div>\t\t\t\n\t\t\n\t\t<div class=\"wpfc-sermon-main \">\n\t\t\t<div class=\"wpfc-sermon-header \">\n\t\t\t\t<div class=\"wpfc-sermon-header-main\">\n\t\t\t\t\t\t\t\t\t\t\n\t\t\t\t\t\t\t\t\t\t\t\t<h3 class=\"wpfc-sermon-title\">\n\t\t\t\t\t\t\t<a class=\"wpfc-sermon-title-text\" href=\"https:\/\/vineyard-bergedorf.de\/wop\/Predigten\/welche-gebote-aus-mose-sind-fuer-uns-christen-heute-noch-gueltig-einfuehrung-1-5\/\">Welche Gebote aus Mose sind f\u00fcr uns Christen heute noch g\u00fcltig &#8211; Einf\u00fchrung &#8211; 1\/5<\/a>\n\t\t\t\t\t\t<\/h3>\n\t\t\t\t\t\t\t\t\t\t\t\t\t\t\t\t<div class=\"wpfc-sermon-meta-item wpfc-sermon-meta-date\">\n\t\t\t\t\t\t\t\t\t\t\t\t\t10. April 2026\t\t\t\t\t\t\t\t\t\t\t<\/div>\n\t\t\t\t<\/div>\n\t\t\t\t\t\t\t<\/div>\n\n\t\t\t\n\t\t\t\t\t\t\t\t<div class=\"wpfc-sermon-description\">\n\t\t\t\t\t<div class=\"sermon-description-content\">\n\t\t\t\t\t\t\t\t\t\t\t\t\t\t\t\t\t\t\t\t\t\t\t\t\t<br\/>\n\t\t\t\t\t<\/div>\n\t\t\t\t\t\t\t\t\t<\/div>\n\t\t\t\n\n\t\t\t\t\t\t\t\t\t<div class=\"wpfc-sermon-audio\">\n\t\t\t\t\t\t<audio controls preload=\"metadata\" class=\"wpfc-sermon-player \" ><source src=\"https:\/\/vineyard-bergedorf.de\/wop\/wp-content\/uploads\/sermons\/2026\/04\/1-Christfried-Freitag-Einfuehrung.mp3\" type=\"audio\/mp3\"><\/audio>\t\t\t\t\t<\/div>\n\t\t\t\t\t\t\t\n\t\t\t<div class=\"wpfc-sermon-footer\">\n\t\t\t\t\t\t\t\t\t<div class=\"wpfc-sermon-meta-item wpfc-sermon-meta-preacher\">\n\t\t\t\t\t\t\t\t\t\t\t\t<span class=\"wpfc-sermon-meta-prefix\">\n\t\t\t\t\t\t\tSprecher\t\t\t\t\t\t\t:<\/span>\n\t\t\t\t\t\t<span class=\"wpfc-sermon-meta-text\"><a href=\"https:\/\/vineyard-bergedorf.de\/wop\/sprecher\/christfried-mann\/\" rel=\"tag\">Christfried Mann<\/a><\/span>\n\t\t\t\t\t<\/div>\n\t\t\t\t\t\t\t\t\t\t\t\t\t\t\t<\/div>\n\t\t<\/div>\n\t<\/div>\n\n\t<\/div><div class=\"wpfc-sermon wpfc-sermon-shortcode\">\t\t<div class=\"wpfc-sermon-inner entry-wrap\">\n\t\t\t\t\t<div class=\"wpfc-sermon-image\"><a href=\"https:\/\/vineyard-bergedorf.de\/wop\/Predigten\/ostersonntag-liebe\/\"><div class=\"wpfc-sermon-image-img\" style=\"background-image: url(https:\/\/vineyard-bergedorf.de\/wop\/wp-content\/uploads\/2012\/06\/headphone600.jpg)\"><\/div><\/a><\/div>\t\t\t\n\t\t\n\t\t<div class=\"wpfc-sermon-main \">\n\t\t\t<div class=\"wpfc-sermon-header \">\n\t\t\t\t<div class=\"wpfc-sermon-header-main\">\n\t\t\t\t\t\t\t\t\t\t\t<div class=\"wpfc-sermon-meta-item wpfc-sermon-meta-series\">\n\t\t\t\t\t\t\t<a href=\"https:\/\/vineyard-bergedorf.de\/wop\/serie\/das-reich-gottes\/\" rel=\"tag\">Das Reich Gottes<\/a>, <a href=\"https:\/\/vineyard-bergedorf.de\/wop\/serie\/predigt\/\" rel=\"tag\">Predigt<\/a>\t\t\t\t\t\t<\/div>\n\t\t\t\t\t\t\t\t\t\t\n\t\t\t\t\t\t\t\t\t\t\t\t<h3 class=\"wpfc-sermon-title\">\n\t\t\t\t\t\t\t<a class=\"wpfc-sermon-title-text\" href=\"https:\/\/vineyard-bergedorf.de\/wop\/Predigten\/ostersonntag-liebe\/\">Ostersonntag &#8211; Liebe<\/a>\n\t\t\t\t\t\t<\/h3>\n\t\t\t\t\t\t\t\t\t\t\t\t\t\t\t\t<div class=\"wpfc-sermon-meta-item wpfc-sermon-meta-date\">\n\t\t\t\t\t\t\t\t\t\t\t\t\t5. April 2026\t\t\t\t\t\t\t\t\t\t\t<\/div>\n\t\t\t\t<\/div>\n\t\t\t\t\t\t\t<\/div>\n\n\t\t\t\n\t\t\t\t\t\t\t\t<div class=\"wpfc-sermon-description\">\n\t\t\t\t\t<div class=\"sermon-description-content\">\n\t\t\t\t\t\t\t\t\t\t\t\t\t\t\t\t\t\t\t\t\t\t\t\t\t<br\/>\n\t\t\t\t\t<\/div>\n\t\t\t\t\t\t\t\t\t<\/div>\n\t\t\t\n\n\t\t\t\t\t\t\t\t\t<div class=\"wpfc-sermon-audio\">\n\t\t\t\t\t\t<audio controls preload=\"metadata\" class=\"wpfc-sermon-player \" ><source src=\"https:\/\/vineyard-bergedorf.de\/wop\/wp-content\/uploads\/sermons\/2026\/04\/2026-04-05-Ostersonntag-Liebe.mp3\" type=\"audio\/mp3\"><\/audio>\t\t\t\t\t<\/div>\n\t\t\t\t\t\t\t\n\t\t\t<div class=\"wpfc-sermon-footer\">\n\t\t\t\t\t\t\t\t\t<div class=\"wpfc-sermon-meta-item wpfc-sermon-meta-preacher\">\n\t\t\t\t\t\t\t\t\t\t\t\t<span class=\"wpfc-sermon-meta-prefix\">\n\t\t\t\t\t\t\tSprecher\t\t\t\t\t\t\t:<\/span>\n\t\t\t\t\t\t<span class=\"wpfc-sermon-meta-text\"><a href=\"https:\/\/vineyard-bergedorf.de\/wop\/sprecher\/rainhard-wedeleit\/\" rel=\"tag\">Rainhard Wedeleit<\/a><\/span>\n\t\t\t\t\t<\/div>\n\t\t\t\t\t\t\t\t\t\t\t\t\t\t\t<\/div>\n\t\t<\/div>\n\t<\/div>\n\n\t<\/div><div class=\"wpfc-sermon wpfc-sermon-shortcode\">\t\t<div class=\"wpfc-sermon-inner entry-wrap\">\n\t\t\t\t\t<div class=\"wpfc-sermon-image\"><a href=\"https:\/\/vineyard-bergedorf.de\/wop\/Predigten\/silke-lilienthal-vergebung-und-glaube-karfreitag\/\"><div class=\"wpfc-sermon-image-img\" style=\"background-image: url(https:\/\/vineyard-bergedorf.de\/wop\/wp-content\/uploads\/2012\/06\/headphone600.jpg)\"><\/div><\/a><\/div>\t\t\t\n\t\t\n\t\t<div class=\"wpfc-sermon-main \">\n\t\t\t<div class=\"wpfc-sermon-header \">\n\t\t\t\t<div class=\"wpfc-sermon-header-main\">\n\t\t\t\t\t\t\t\t\t\t\t<div class=\"wpfc-sermon-meta-item wpfc-sermon-meta-series\">\n\t\t\t\t\t\t\t<a href=\"https:\/\/vineyard-bergedorf.de\/wop\/serie\/das-reich-gottes\/\" rel=\"tag\">Das Reich Gottes<\/a>, <a href=\"https:\/\/vineyard-bergedorf.de\/wop\/serie\/predigt\/\" rel=\"tag\">Predigt<\/a>\t\t\t\t\t\t<\/div>\n\t\t\t\t\t\t\t\t\t\t\n\t\t\t\t\t\t\t\t\t\t\t\t<h3 class=\"wpfc-sermon-title\">\n\t\t\t\t\t\t\t<a class=\"wpfc-sermon-title-text\" href=\"https:\/\/vineyard-bergedorf.de\/wop\/Predigten\/silke-lilienthal-vergebung-und-glaube-karfreitag\/\">Vergebung und Glaube (Karfreitag)<\/a>\n\t\t\t\t\t\t<\/h3>\n\t\t\t\t\t\t\t\t\t\t\t\t\t\t\t\t<div class=\"wpfc-sermon-meta-item wpfc-sermon-meta-date\">\n\t\t\t\t\t\t\t\t\t\t\t\t\t3. April 2026\t\t\t\t\t\t\t\t\t\t\t<\/div>\n\t\t\t\t<\/div>\n\t\t\t\t\t\t\t<\/div>\n\n\t\t\t\n\t\t\t\t\t\t\t\t<div class=\"wpfc-sermon-description\">\n\t\t\t\t\t<div class=\"sermon-description-content\">\n\t\t\t\t\t\t\t\t\t\t\t\t\t\t\t\t\t\t\t\t\t\t\t\t\t<br\/>\n\t\t\t\t\t<\/div>\n\t\t\t\t\t\t\t\t\t<\/div>\n\t\t\t\n\n\t\t\t\t\t\t\t\t\t<div class=\"wpfc-sermon-audio\">\n\t\t\t\t\t\t<audio controls preload=\"metadata\" class=\"wpfc-sermon-player \" ><source src=\"https:\/\/vineyard-bergedorf.de\/wop\/wp-content\/uploads\/sermons\/2026\/04\/Vergebung-und-Glaube-Karfreitag.mp3\" type=\"audio\/mp3\"><\/audio>\t\t\t\t\t<\/div>\n\t\t\t\t\t\t\t\n\t\t\t<div class=\"wpfc-sermon-footer\">\n\t\t\t\t\t\t\t\t\t<div class=\"wpfc-sermon-meta-item wpfc-sermon-meta-preacher\">\n\t\t\t\t\t\t\t\t\t\t\t\t<span class=\"wpfc-sermon-meta-prefix\">\n\t\t\t\t\t\t\tSprecher\t\t\t\t\t\t\t:<\/span>\n\t\t\t\t\t\t<span class=\"wpfc-sermon-meta-text\"><a href=\"https:\/\/vineyard-bergedorf.de\/wop\/sprecher\/silke-lilienthal\/\" rel=\"tag\">Silke Lilienthal<\/a><\/span>\n\t\t\t\t\t<\/div>\n\t\t\t\t\t\t\t\t\t\t\t\t\t\t\t<\/div>\n\t\t<\/div>\n\t<\/div>\n\n\t<\/div><div class=\"wpfc-sermon wpfc-sermon-shortcode\">\t\t<div class=\"wpfc-sermon-inner entry-wrap\">\n\t\t\t\t\t<div class=\"wpfc-sermon-image\"><a href=\"https:\/\/vineyard-bergedorf.de\/wop\/Predigten\/silke-lilienthal-1-kor-13-hoffnung\/\"><div class=\"wpfc-sermon-image-img\" style=\"background-image: url(https:\/\/vineyard-bergedorf.de\/wop\/wp-content\/uploads\/2012\/06\/headphone600.jpg)\"><\/div><\/a><\/div>\t\t\t\n\t\t\n\t\t<div class=\"wpfc-sermon-main \">\n\t\t\t<div class=\"wpfc-sermon-header \">\n\t\t\t\t<div class=\"wpfc-sermon-header-main\">\n\t\t\t\t\t\t\t\t\t\t\t<div class=\"wpfc-sermon-meta-item wpfc-sermon-meta-series\">\n\t\t\t\t\t\t\t<a href=\"https:\/\/vineyard-bergedorf.de\/wop\/serie\/das-reich-gottes\/\" rel=\"tag\">Das Reich Gottes<\/a>, <a href=\"https:\/\/vineyard-bergedorf.de\/wop\/serie\/predigt\/\" rel=\"tag\">Predigt<\/a>\t\t\t\t\t\t<\/div>\n\t\t\t\t\t\t\t\t\t\t\n\t\t\t\t\t\t\t\t\t\t\t\t<h3 class=\"wpfc-sermon-title\">\n\t\t\t\t\t\t\t<a class=\"wpfc-sermon-title-text\" href=\"https:\/\/vineyard-bergedorf.de\/wop\/Predigten\/silke-lilienthal-1-kor-13-hoffnung\/\">1.Kor 13 &#8211; Hoffnung<\/a>\n\t\t\t\t\t\t<\/h3>\n\t\t\t\t\t\t\t\t\t\t\t\t\t\t\t\t<div class=\"wpfc-sermon-meta-item wpfc-sermon-meta-date\">\n\t\t\t\t\t\t\t\t\t\t\t\t\t22. M\u00e4rz 2026\t\t\t\t\t\t\t\t\t\t\t<\/div>\n\t\t\t\t<\/div>\n\t\t\t\t\t\t\t<\/div>\n\n\t\t\t\n\t\t\t\t\t\t\t\t<div class=\"wpfc-sermon-description\">\n\t\t\t\t\t<div class=\"sermon-description-content\">\n\t\t\t\t\t\t\t\t\t\t\t\t\t\t\t\t\t\t\t\t\t\t\t\t\t<br\/>\n\t\t\t\t\t<\/div>\n\t\t\t\t\t\t\t\t\t<\/div>\n\t\t\t\n\n\t\t\t\t\t\t\t\t\t<div class=\"wpfc-sermon-audio\">\n\t\t\t\t\t\t<audio controls preload=\"metadata\" class=\"wpfc-sermon-player \" ><source src=\"https:\/\/vineyard-bergedorf.de\/wop\/wp-content\/uploads\/sermons\/2026\/03\/Silke-Lilienthal-Hoffnung.mp3\" type=\"audio\/mp3\"><\/audio>\t\t\t\t\t<\/div>\n\t\t\t\t\t\t\t\n\t\t\t<div class=\"wpfc-sermon-footer\">\n\t\t\t\t\t\t\t\t\t<div class=\"wpfc-sermon-meta-item wpfc-sermon-meta-preacher\">\n\t\t\t\t\t\t\t\t\t\t\t\t<span class=\"wpfc-sermon-meta-prefix\">\n\t\t\t\t\t\t\tSprecher\t\t\t\t\t\t\t:<\/span>\n\t\t\t\t\t\t<span class=\"wpfc-sermon-meta-text\"><a href=\"https:\/\/vineyard-bergedorf.de\/wop\/sprecher\/silke-lilienthal\/\" rel=\"tag\">Silke Lilienthal<\/a><\/span>\n\t\t\t\t\t<\/div>\n\t\t\t\t\t\t\t\t\t\t\t\t\t\t\t\t\t<div class=\"wpfc-sermon-meta-item wpfc-sermon-meta-service\">\n\t\t\t\t\t\t<span class=\"wpfc-sermon-meta-prefix\">\n\t\t\t\t\t\t\tGottesdienst:<\/span>\n\t\t\t\t\t\t<span class=\"wpfc-sermon-meta-text\"><a href=\"https:\/\/vineyard-bergedorf.de\/wop\/gottesdienst\/sonntag\/\" rel=\"tag\">Sonntag<\/a><\/span>\n\t\t\t\t\t<\/div>\n\t\t\t\t\t\t\t<\/div>\n\t\t<\/div>\n\t<\/div>\n\n\t<\/div>\t\t\t\t\t<\/div>\n\n\t\t\t\t\t\n\t\t\t\t\t\t\t\t\t\t\t\t\t\t\t\t\t\t<div id=\"wpfc-sermons-shortcode-navigation\">\n\t\t\t\t\t\t\t\t<a class=\"page-numbers\" href=\"https:\/\/vineyard-bergedorf.de\/wop\/Predigten\/silke-lilienthal-1-kor-13-hoffnung\/\">1<\/a>\n<a class=\"page-numbers\" href=\"https:\/\/vineyard-bergedorf.de\/wop\/Predigten\/silke-lilienthal-1-kor-13-hoffnung\/page\/2\/\">2<\/a>\n<a class=\"page-numbers\" href=\"https:\/\/vineyard-bergedorf.de\/wop\/Predigten\/silke-lilienthal-1-kor-13-hoffnung\/page\/3\/\">3<\/a>\n<span class=\"page-numbers dots\">&hellip;<\/span>\n<a class=\"page-numbers\" href=\"https:\/\/vineyard-bergedorf.de\/wop\/Predigten\/silke-lilienthal-1-kor-13-hoffnung\/page\/37\/\">37<\/a>\n<a class=\"page-numbers\" href=\"https:\/\/vineyard-bergedorf.de\/wop\/Predigten\/silke-lilienthal-1-kor-13-hoffnung\/page\/38\/\">38<\/a>\n<a class=\"page-numbers\" href=\"https:\/\/vineyard-bergedorf.de\/wop\/Predigten\/silke-lilienthal-1-kor-13-hoffnung\/page\/39\/\">39<\/a> <a class=\"next page-numbers\" href=\"https:\/\/vineyard-bergedorf.de\/wop\/Predigten\/silke-lilienthal-1-kor-13-hoffnung\/page\/2\">Next &raquo;<\/a>\t\t\t\t\t\t\t<\/div>\n\t\t\t\t\t\t\t\t\t\t\t\t\t\t\t<\/div>\n\t\t\t\t\n","protected":false},"excerpt":{"rendered":"","protected":false},"author":1,"featured_media":1018,"parent":0,"menu_order":0,"comment_status":"closed","ping_status":"closed","template":"","meta":{"footnotes":""},"class_list":["post-183","page","type-page","status-publish","has-post-thumbnail","hentry"],"_links":{"self":[{"href":"https:\/\/vineyard-bergedorf.de\/wop\/wp-json\/wp\/v2\/pages\/183","targetHints":{"allow":["GET"]}}],"collection":[{"href":"https:\/\/vineyard-bergedorf.de\/wop\/wp-json\/wp\/v2\/pages"}],"about":[{"href":"https:\/\/vineyard-bergedorf.de\/wop\/wp-json\/wp\/v2\/types\/page"}],"author":[{"embeddable":true,"href":"https:\/\/vineyard-bergedorf.de\/wop\/wp-json\/wp\/v2\/users\/1"}],"replies":[{"embeddable":true,"href":"https:\/\/vineyard-bergedorf.de\/wop\/wp-json\/wp\/v2\/comments?post=183"}],"version-history":[{"count":4,"href":"https:\/\/vineyard-bergedorf.de\/wop\/wp-json\/wp\/v2\/pages\/183\/revisions"}],"predecessor-version":[{"id":2368,"href":"https:\/\/vineyard-bergedorf.de\/wop\/wp-json\/wp\/v2\/pages\/183\/revisions\/2368"}],"wp:featuredmedia":[{"embeddable":true,"href":"https:\/\/vineyard-bergedorf.de\/wop\/wp-json\/wp\/v2\/media\/1018"}],"wp:attachment":[{"href":"https:\/\/vineyard-bergedorf.de\/wop\/wp-json\/wp\/v2\/media?parent=183"}],"curies":[{"name":"wp","href":"https:\/\/api.w.org\/{rel}","templated":true}]}}