{"id":958,"date":"2015-02-04T19:42:19","date_gmt":"2015-02-04T18:42:19","guid":{"rendered":"http:\/\/vineyard-bergedorf.de\/wop\/?page_id=958"},"modified":"2015-02-05T12:22:49","modified_gmt":"2015-02-05T11:22:49","slug":"vineyard-werte","status":"publish","type":"page","link":"https:\/\/vineyard-bergedorf.de\/wop\/ueber-uns\/vineyard-werte\/","title":{"rendered":"Vineyard Werte"},"content":{"rendered":"<h3 style=\"text-align: justify;\">Reich Gottes, wie Jesus es gelehrt und praktiziert hat<\/h3>\n<p style=\"text-align: justify;\">Wir sch\u00e4tzen das Reich Gottes als die zentrale Botschaft der Bibel. In der Person Jesu ist das Reich Gottes angebrochen. Er verk\u00f6rpert es mit Worten, Werken und Wundern. Wir erwarten Zeichen dieses neuen Reiches in der Spannung von \u201aschon jetzt\u2018 und \u201anoch nicht\u2018 und leben seinen Auftrag mit einer positiven Weltsicht.<\/p>\n<h4 style=\"text-align: justify;\">LeitS\u00e4tze<\/h4>\n<ol style=\"text-align: justify;\">\n<li>Gottes Eingreifen erwarten: Wir erwarten heute das Handeln und Reden Gottes. Wir\u00a0 verzichten auf Manipulation und Effekthascherei. Wir leben nat\u00fcrlich \u00fcbernat\u00fcrlich.<\/li>\n<li>Unterwegs mit einem Auftrag: Wir leben als Nachfolger Jesu, indem wir seine Worte weitergeben, seine Werke tun und mit seinen Wundern rechnen.<\/li>\n<li>Leben in der Spannung: Wir wissen uns hineingenommen in das Spannungsfeld des bereits angebrochenen Reiches (schon jetzt) und der noch ausstehenden Vollendung dieses Reiches bei der Wiederkunft Jesu (noch nicht). Deshalb verzichten wir darauf, alle Fragen nach dem \u201ewarum (l\u00e4sst Gott das zu)\u201c beantworten zu wollen.<\/li>\n<li>Handeln aus Hoffnung: Wir handeln in dieser Welt aus einer positiven Sicht der Zukunft heraus.<\/li>\n<li>Die ganze Kirche lieben: Wir wissen uns verbunden mit der ganzen Kirche Jesu Christi. Wir lernen von ihr und respektieren sie mit ihren unterschiedlichen Gaben und Stilen.<\/li>\n<\/ol>\n<h3 style=\"text-align: justify;\">Gottes kraftvolle Gegenwart erleben<\/h3>\n<p style=\"text-align: justify;\">Wir sch\u00e4tzen Gottes kraftvolle Gegenwart, in der wir Vergebung, Heilung und Befreiung erleben. Wir verstehen Gemeinde als Gemeinschaft von Menschen, die sich aus dieser Erfahrung heraus Gottes Willen unterstellen, seine Leitung annehmen und ihr Leben miteinander teilen.<\/p>\n<h4 style=\"text-align: justify;\">LeitS\u00e4tze<\/h4>\n<ol style=\"text-align: justify;\">\n<ol>\n<li>Gottes Gegenwart erleben: Wir lieben es Gott anzubeten und Raum zu schaffen f\u00fcr seine Gegenwart. Dort erleben wir Vergebung, Heilung und Befreiung.<\/li>\n<li>Jesus ist der Eigent\u00fcmer der Gemeinde: Wir begrenzen ihn nicht durch eigene Vorstellungen und Programme. Wir wollen dorthin gehen, wo Jesus auch ist.<\/li>\n<li>Jesus ist der Leiter der Gemeinde: Wir leben unter Seiner Leitung, indem wir auf seine Stimme h\u00f6ren, uns von seinem Geist erf\u00fcllen lassen und ihm gehorsam sind.<\/li>\n<li>Geistliche Leitung ist Funktion: Wir hei\u00dfen Gemeindeleitung als Gabe und Geschenk Gottes willkommen. Sie bef\u00e4higt die ganze Gemeinde, die Werke Jesu zu tun.<\/li>\n<\/ol>\n<\/ol>\n<h3 style=\"text-align: justify;\">Barmherzigkeit, die sich den Menschen zuwendet<\/h3>\n<p style=\"text-align: justify;\">Wir sch\u00e4tzen Gottes barmherzige Zuwendung zu jedem Menschen. Wer sich f\u00fcr diese Barmherzigkeit \u00f6ffnet, erf\u00e4hrt Heilung und Wiederherstellung. Auf diesem Weg wollen wir auch andere mitnehmen, indem wir uns aktiv um Kranke, Zerbrochene, Arme und Verlorene k\u00fcmmern.<\/p>\n<h4 style=\"text-align: justify;\">LeitS\u00e4tze<\/h4>\n<ol style=\"text-align: justify;\">\n<li>Nach Hause kommen: Wir erfahren W\u00fcrde und Wert in der Zuwendung Gottes zu uns. Dies gibt uns Halt und Identit\u00e4t.<\/li>\n<li>Wege der Herstellung gehen: Wir \u00fcbernehmen Verantwortung f\u00fcr unser Leben und verstehen Heilung und Wiederherstellung als einen Weg und einen Lebensstil.<\/li>\n<li>Die Kranken heilen: Wir beten f\u00fcr Kranke und erwarten das \u00fcbernat\u00fcrliche Eingreifen Gottes. Gleichzeitig begleiten wir kranke Menschen mit Liebe, Geduld und Glauben.<\/li>\n<li>Den Armen dienen: Wir teilen unser Leben mit den \u201aGeringsten\u2018 und setzen uns ein f\u00fcr die Armen, Ausl\u00e4nder und Ausgegrenzten.<\/li>\n<li>Die Verlorenen suchen: Wir leben und beten mit jesusfernstehenden Menschen. Wir hoffen, dass sie so die Gegenwart Gottes erleben und sich auf den Weg Jesu einlassen wollen.<\/li>\n<\/ol>\n<h3 style=\"text-align: justify;\">Heilende Gemeinschaft<\/h3>\n<p style=\"text-align: justify;\">Wir sch\u00e4tzen tragf\u00e4hige und ehrliche Beziehungen, die Br\u00fccken bauen. Wir wollen mit dem Einzelnen so umgehen, wie Gott mit uns umgeht: In Liebe, Annahme und Vergebung. Solche Beziehungen schaffen Realit\u00e4t und Vitalit\u00e4t.<\/p>\n<h4 style=\"text-align: justify;\">LeitS\u00e4tze<\/h4>\n<ol style=\"text-align: justify;\">\n<li>Menschen vor Methoden: Wir begegnen den Menschen mit W\u00fcrde und Respekt. Programme und Methoden dienen dazu, Menschen zu helfen, ihr von Gott gegebenes Potenzial freizusetzen.<\/li>\n<li>Gnade statt Gesetz: Wir wissen um das menschliche Bed\u00fcrfnis nach Kontrolle und Sicherheit, das oft zu Gesetzlichkeit f\u00fchrt. Deshalb ermutigen wir einander zu einer Haltung der Gnade und Barmherzigkeit.<\/li>\n<li>Liebe, Annahme und Vergebung: Wir suchen eine Kultur der Liebe, Annahme und Vergebung, die Menschen aufrichtet und Furcht, Scham und Schuld tilgt.<\/li>\n<li>Selbstverantwortung und Rechenschaft: Wir leben erwachsene Beziehungen als Orte der Reifung. Sie helfen uns, selbstverantwortlich und verbindlich zu leben.<\/li>\n<li>Beziehungen bauen Br\u00fccken: Wir wissen um die Kraft von vers\u00f6hnenden Beziehungen und suchen Trennendes unter Menschen verschiedener religi\u00f6ser, ethnischer oder sozialer Herkunft zu \u00fcberwinden.<\/li>\n<\/ol>\n<h3 style=\"text-align: justify;\">Erneuerung, die Kirche und Gesellschaft durchdringt<\/h3>\n<p style=\"text-align: justify;\">Wir sch\u00e4tzen den Auftrag und die Sendung Gottes, sein Leben heute auszubreiten. Dieses Leben vollzieht sich in bestehenden und neuen Formen von Kirche und Gesellschaft. Darum engagieren wir uns in gesellschaftlichen Fragen in der Hoffnung, unsere Welt positiv mitgestalten zu k\u00f6nnen.<\/p>\n<h4 style=\"text-align: justify;\">LeitS\u00e4tze<\/h4>\n<ol style=\"text-align: justify;\">\n<li>Neue Ausdrucksformen von Kirche gr\u00fcnden: Wir gr\u00fcnden Vineyards, weil wir glauben, dass dies ein wirksamer Weg ist, Gottes Reich auszubreiten und Menschen zu einem jesusm\u00e4ssigen Leben zu inspirieren.<\/li>\n<li>Erneuerung bestehender Formen: Wir verschenken uns an die ganze Kirche Jesu, indem wir weitergeben, was uns anvertraut wurde. Wir tun dies in einer Haltung von Wertsch\u00e4tzung und Respekt, um zu ermutigen, auszur\u00fcsten und zu bevollm\u00e4chtigen.<\/li>\n<li>Kultur\u00fcbergreifendes Arbeiten: Wir rechnen mit der spontanen Ausbreitung des Reiches Gottes in anderen Kulturen und Subkulturen. Wir helfen einheimischen Leitern in ihrem kulturellen Kontext Vineyards zu pflanzen.<\/li>\n<li>Soziale Gerechtigkeit: Wir glauben an Gottes Verhei\u00dfung f\u00fcr diese Welt. Deshalb setzen wir uns ein gegen strukturelle S\u00fcnde und jede Form von politischem oder wirtschaftlichem Imperialismus.<\/li>\n<li>Gesellschaftliches Engagement: Wir suchen Gottes Antworten f\u00fcr lokale, nationale oder globale Herausforderungen und \u00fcbernehmen politische, kulturelle und soziale Verantwortung. Wir nehmen unsere Gesellschaft nicht in erster Linie als Bedrohung sondern als Chance und Auftrag wahr.<\/li>\n<\/ol>\n<p style=\"text-align: justify;\">Quelle: http:\/\/www.vineyard-dach.net\/vineyard\/dach-wer-sind-wir\/unsere-werte.html<\/p>\n","protected":false},"excerpt":{"rendered":"<p>Reich Gottes, wie Jesus es gelehrt und praktiziert hat Wir sch\u00e4tzen das Reich Gottes als die zentrale Botschaft der Bibel. In der Person Jesu ist das Reich Gottes angebrochen. Er verk\u00f6rpert es mit Worten, Werken und Wundern. Wir erwarten Zeichen dieses neuen Reiches in der Spannung von \u201aschon jetzt\u2018 und \u201anoch nicht\u2018 und leben seinen [&hellip;]<\/p>\n","protected":false},"author":1,"featured_media":1030,"parent":947,"menu_order":0,"comment_status":"closed","ping_status":"closed","template":"","meta":{"footnotes":""},"class_list":["post-958","page","type-page","status-publish","has-post-thumbnail","hentry"],"_links":{"self":[{"href":"https:\/\/vineyard-bergedorf.de\/wop\/wp-json\/wp\/v2\/pages\/958","targetHints":{"allow":["GET"]}}],"collection":[{"href":"https:\/\/vineyard-bergedorf.de\/wop\/wp-json\/wp\/v2\/pages"}],"about":[{"href":"https:\/\/vineyard-bergedorf.de\/wop\/wp-json\/wp\/v2\/types\/page"}],"author":[{"embeddable":true,"href":"https:\/\/vineyard-bergedorf.de\/wop\/wp-json\/wp\/v2\/users\/1"}],"replies":[{"embeddable":true,"href":"https:\/\/vineyard-bergedorf.de\/wop\/wp-json\/wp\/v2\/comments?post=958"}],"version-history":[{"count":1,"href":"https:\/\/vineyard-bergedorf.de\/wop\/wp-json\/wp\/v2\/pages\/958\/revisions"}],"predecessor-version":[{"id":959,"href":"https:\/\/vineyard-bergedorf.de\/wop\/wp-json\/wp\/v2\/pages\/958\/revisions\/959"}],"up":[{"embeddable":true,"href":"https:\/\/vineyard-bergedorf.de\/wop\/wp-json\/wp\/v2\/pages\/947"}],"wp:featuredmedia":[{"embeddable":true,"href":"https:\/\/vineyard-bergedorf.de\/wop\/wp-json\/wp\/v2\/media\/1030"}],"wp:attachment":[{"href":"https:\/\/vineyard-bergedorf.de\/wop\/wp-json\/wp\/v2\/media?parent=958"}],"curies":[{"name":"wp","href":"https:\/\/api.w.org\/{rel}","templated":true}]}}